 + 0 - (0 - 1). Let z be -1 - n - f - 2. Let i(x) = -x**3 - x**2 - 4*x - 3. Calculate i(z).
9
Let v(o) = -2*o. Let l be v(-2). Let i(g) be the second derivative of -1/3*g**3 + 1/20*g**5 - g + 0 - 1/3*g**4 + 2*g**2. Calculate i(l).
-4
Let u(r) = -1 + 2 - 4 + r. Calculate u(3).
0
Let h = -1 + 3. Let f(k) = k**h - 3*k + 4 + k - 4*k + 2. What is f(4)?
-2
Let z = 130 + -121. Let o(s) = s - 13. Give o(z).
-4
Let t(u) = 5*u**3 + 5*u**2 + u - 3. Let r(w) = -9*w**3 - 9*w**2 - 2*w + 5. Let o(f) = 4*r(f) + 7*t(f). What is o(-1)?
0
Let j = -44 + 51. Let i(t) = 3*t - 10. Calculate i(j).
11
Let x(a) = 14*a**3 - 11*a**2 + 9*a. Suppose -30 = -3*d - 2*d. Let p(h) = 7*h**3 - 6*h**2 + 5*h. Let n(r) = d*x(r) - 11*p(r). Determine n(1).
6
Let x = 31 + -20. Let l = x + -8. Let z(j) = 2*j - 1. Let g(p) = -2*p. Let s(k) = 3*g(k) + 4*z(k). Give s(l).
2
Let p(v) = -6*v + 1. Let d(n) = -3*n**2 + 3*n**2 + 7*n + n**2 - 8. Let b be d(-8). Let w = 1 - b. Determine p(w).
-5
Suppose 5*w + 36 = w - 3*i, 16 = -4*i. Let x(a) = a + 7. Give x(w).
1
Let x be (-1)/(3/(-6) - 0). Let y = x - 1. Let d(g) = -3*g - 2 + 2*g + y. Determine d(2).
-3
Let j = 44 + -42. Let y(v) = v**3 - 3*v**2 + 3*v - 2. Calculate y(j).
0
Let k(m) be the third derivative of -m**5/10 - m**4/24 - 6*m**2. Calculate k(1).
-7
Suppose -3*v - 3 + 0 = 0. Let j(i) = 10*i + 2 - 1 - 4*i. Determine j(v).
-5
Let r(q) = -q. Let u be r(4). Let w(n) = 5*n + 9. Suppose 10 - 26 = -4*m. Let k(y) = -6*y - 10. Let z(x) = m*k(x) + 5*w(x). Give z(u).
1
Let l(i) = 3*i + 8. Let q = 24 - 30. Calculate l(q).
-10
Let d = -24 + 24. Let h(n) be the first derivative of n**2/2 + 8*n + 1. Give h(d).
8
Let n(s) = s**3 - s**2 + s + 1. Let c be (-3)/((-1 + 2)/1). Let w be ((-3)/1)/c*1. Let a(m) = -4*m**3 + 4*m**2 - 3*m - 1. Let j(b) = w*a(b) + 3*n(b). Give j(2).
-2
Let a(d) = -2*d**2 + 10*d + 27. Let s(q) = q**2 - 5*q - 14. Let f(l) = -6*a(l) - 11*s(l). Determine f(6).
-2
Let k(y) = y**3 - 2*y**2 + 2*y - 2. Suppose d + 6 + 6 = 0. Let i = -9 - d. Calculate k(i).
13
Let z = -22 - -26. Let q(g) = -5*g**2 + g - 6. Let j(f) = 4*f**2 - 2*f + 6. Let x(i) = 4*j(i) + 3*q(i). Calculate x(z).
2
Let s(a) = -16*a + 6*a - 10*a - 1. What is s(-1)?
19
Let q(y) = -y**2 + 4*y - 6. Suppose 2*n + 5 = 3*n. Calculate q(n).
-11
Let y(c) = -c + 1. Let b(h) = h**3 - 5*h**2 - 9*h + 1. Let z(l) = -b(l) + 5*y(l). Calculate z(6).
-8
Let g(n) be the second derivative of 1/2*n**2 + 0 - 3*n + 1/2*n**3. Calculate g(-2).
-5
Let c = -2 - -4. Let g = -6 + c. Let j(i) = 2 - i**2 + 0*i + 1 - 3*i. Determine j(g).
-1
Let s = -15 + 6. Let r(u) = -u**2 - u - 2. Let l be r(3). Let c = l - s. Let o(v) = v**3 + 4*v**2 - 5*v + 6. Give o(c).
6
Let p(f) = f**2 + f + 8. Let j(k) = -k + 3. Let n be j(3). What is p(n)?
8
Let c(f) = -4*f + 6. Let u(b) = -5*b + 7. Let s(z) = -6*c(z) + 5*u(z). Let x = 8 - -1. Let o = -11 + x. Give s(o).
1
Let o be (3 - 0)*8/12. Let d(i) = -11*i**2 + 4 + 3*i**2 - 4*i + 7*i**o. What is d(-5)?
-1
Let c(j) be the first derivative of -j**4/4 - 2*j**3/3 + 3*j**2/2 - 21. Determine c(-3).
0
Let n(r) = -3 + 5*r - 3*r + 3*r**2 - 4*r + 4. Suppose 0*l + 2 = 2*l. Determine n(l).
2
Let p(f) = -4 + 5*f**2 - 3*f**2 + f**3 - 8*f + 3*f**2. Let b be p(-6). Let n(c) = 2 - 9 - c**2 - 2*c + b*c. Calculate n(5).
-2
Let d be (6/(-4))/((-4)/8). Let v(h) = 9 - 7 + d*h - h - 6. Calculate v(4).
4
Let n be -3*(-75)/9*1. Suppose 0 = 5*q + 5*h - n, 0*q + h = -2*q + 11. Let b(x) = -x + 3. Determine b(q).
-3
Let y be (-84)/21*(-2)/8. Let a(i) be the first derivative of 3/2*i**2 + 1/3*i**3 - i - y. Calculate a(-4).
3
Let l(b) = b**3 - 5*b**2 - 8*b + 1. Let r be l(6). Let f = -6 - r. Suppose 0 = -f*w - v + 8, -2*v - 2 = w - 0*v. Let k(i) = -4*i + 3. Give k(w).
-5
Let a(n) be the third derivative of 1/20*n**5 + 1/2*n**3 + 6*n**2 - 1/24*n**4 + 0 + 1/120*n**6 + 0*n. Calculate a(-3).
6
Let d(p) be the first derivative of 3*p**4/4 - 2*p**3/3 + p**2 + 53. Calculate d(2).
20
Let t = 9 - 5. Suppose 4*r = -8 - t. Let z(d) = d**2 + 3*d - 4. Calculate z(r).
-4
Suppose -1 = 3*o - 13. Suppose k + 4*v - 8 = 0, o*k + 5*v = k + 3. Let d(t) = 6*t**2 + 7*t - 2. Let l(n) = -n**2 - n. Let b(j) = d(j) + 5*l(j). Calculate b(k).
6
Let a(n) = -7*n - 498*n**2 + 989*n**2 + 7 - 492*n**2. What is a(-6)?
13
Let g(j) = 7*j**3 - 6*j**2 - 6*j + 6. Let z(s) = -s**3 + s**2 + s - 1. Let o(y) = g(y) + 6*z(y). Calculate o(-1).
-1
Let x be (-2 - -1)*2 - -7. Let c(w) be the third derivative of 0*w + 1/4*w**4 + 1/60*w**x + 0 + 2*w**2 + 2/3*w**3. Calculate c(-3).
-5
Suppose f + 9 = r, -2*f + 0 = -5*r + 21. Let h(v) = -v**3 - 8*v**2 + v + 4. What is h(f)?
-4
Let f(c) = -c**3 + 11*c**2 + 13*c - 13. Let l be f(12). Let d(o) = -o. Let a be d(l). Let q(m) = -2*m - 1. Determine q(a).
-3
Suppose 9 + 11 = 5*h. Let x(b) = -6*b + 3*b**2 - 3*b**3 - 2 + 9*b + 5 + 2*b**3. Determine x(h).
-1
Let g be (-1 + -1)*(5 + -3). Let u(l) = -l**2 - 6 + 2*l + 2*l**2 + 3 + 1. Calculate u(g).
6
Let k(n) = 2*n - 4. Suppose 4 = 2*m - m. Let v = m - 2. Let l = 7 - v. Give k(l).
6
Let i(x) = x**3 - 2*x**2 + 2*x - 2. Let a(f) = f**2 - 6*f + 11. Let o be a(4). Calculate i(o).
13
Let a(l) = -l - 4 - l**2 - 2*l**2 - l**2 + l**3 - 3*l**2. Give a(7).
-11
Suppose 4*z - 10 = 2*o - 0*z, z = 2*o - 5. Suppose o*g + 9 = -11. Let l(f) be the first derivative of -f**4/4 - f**3 + 5*f**2/2 + 6*f + 1. Calculate l(g).
2
Let u(h) = -h**3 - 9*h**2 + 4. Let t be u(-9). Let o be t*(0 + -1) - 1. Let k(q) = q**2 + 5*q - 7. Determine k(o).
-7
Let x(z) be the second derivative of -z + 0 - 1/12*z**4 + 1/2*z**2 - 1/3*z**3. Let l(g) be the first derivative of x(g). Determine l(2).
-6
Let a(q) = q + 2*q - 2*q - 1 + 0*q. Suppose 5*k + 29 = -v, -3*v + 0*k - 22 = 2*k. Give a(v).
-5
Let k(f) = -f - 2*f + f + 0 - 1. Calculate k(-4).
7
Let d = -3 - -6. Let w be (-7 + d)*(-2)/4. Let i(s) be the third derivative of s**5/60 - s**4/12 + s**3/6 - 2*s**2. Determine i(w).
1
Let a(d) = 8*d**2 - d - 4. Let q(b) = 7*b**2 - b - 3. Let h(z) = 3*a(z) - 4*q(z). Let l be h(-1). Let s(n) = n**3 + 6*n**2 + 6*n - 6. What is s(l)?
-11
Let y(r) = 5*r**3 + 4*r**2 - 4*r - 5. Let n(m) = m**3 - m**2 - m + 1. Let j(h) = -4*n(h) + y(h). What is j(-8)?
-9
Suppose c + c - 3*o = -13, 3*o - 9 = 0. Let n(v) = v**2 + v + 1. Let h(u) = u**2 - 1. Let i(j) = c*n(j) + h(j). What is i(-2)?
-3
Let l be 19/7 - 2/(-7). Suppose -3*c + l = 4*x - x, x = -2*c + 2. Let i(b) = -2 + 4 - 5*b + 4*b. Determine i(c).
1
Let o(t) = -7*t**2 - t - 12. Let x(f) = -f**2 - 1. Let p(b) = -o(b) + 6*x(b). Let w be 0*2/8*2. Calculate p(w).
6
Let a(k) be the second derivative of k**8/840 - k**7/2520 - k**6/720 + k**5/120 + k**4/3 + 3*k. Let c(j) be the third derivative of a(j). Calculate c(1).
7
Let g(v) = v**2 - 7*v - 8. Let f(q) = q**2 - 6*q - 7. Let n(o) = -6*f(o) + 5*g(o). Calculate n(0).
2
Let s(d) = -4 + 2 + 1 - 3*d. Suppose 5*x - 6 + 1 = 0. Let q be 4 - 1*3/x. What is s(q)?
-4
Let c(z) = z**3 + z**2 - 4*z - 1. Suppose 0 = -2*p + 3 - 9. Calculate c(p).
-7
Let y(o) = -o**3 + 3*o**2 + 3*o - 4. Let q be y(3). Let k(m) = m**2 - 7*m - 1. Give k(q).
-11
Let h(r) = r**3 - 4*r**2 - 4*r + 4. Let b(f) = 5*f**3 - 25*f**2 - 25*f + 25. Let a(c) = -4*b(c) + 25*h(c). Give a(-1).
-5
Let q = -39 + 79/2. Let l(o) be the first derivative of 2 - q*o**2 + 13*o. What is l(6)?
7
Let o(a) = -a**2 - 1 - 1 - 13*a + 15*a + a**3 + 0. Calculate o(2).
6
Let v(u) = -2*u**2 - 2*u - 2. Let o(z) = z**2 - 9*z - 12. Let r be o(10). Determine v(r).
-6
Let s(x) = -x**2 + 10*x - 22. Let k be s(7). Let u(a) = 4*a**3 - a**2 - 2*a - 1. What is u(k)?
-4
Suppose 7 = 5*w + 17. Let y(o) = -21*o + 13. Let q(j) = -10*j + 6. Let s(l) = -7*q(l) + 3*y(l). Let u(b) = 22*b - 10. Let g(d) = 16*s(d) - 5*u(d). What is g(w)?
-2
Let b(v) be the first derivative of v**2/2 - 8*v - 42. Suppose 0 = 4*z + z. Calculate b(z).
-8
Let c(y) = 1 + 3*y - y + y. Suppose 12*o + 4 = 11*o. Give c(o).
-11
Let u(z) = -z. Suppose 9 = 5*r - 41. Suppose 0 = 8*b - 3*b + r. Calculate u(b).
2
Suppose 5*u = -5*v - 0*u + 35, 2*u = -3*v + 19. Let t(z) = z**3 - 5*z**2 + 7. Determine t(v).
7
Suppose -3*q - 2*q = -35. Let p = 12 - q. Let f(y) = -2*y**2 - 2*y + 5. Let c(n) = n**2 + 3*n - 5. Let t(k) = 3*c(k) + 2*f(k). Give t(p).
-5
Suppose 3*z - 8 = 4. Suppose d = -3*w + 5*w - 8, -16 = z*d. Let b(t) = -t**2 + 4 + 4*t**2 - 3*t**w - t**2. Calcul